 - 32. Let q be w(0). Let d = -25 - q. What is the units digit of d?
7
Suppose 62 - 244 = -5*h + 3*q, -3*q = -2*h + 80. Suppose -h = o - 80. What is the units digit of o?
6
Suppose q + 4*q = 0. Suppose t - 19 = -q*t. Suppose 2*z - 31 = t. What is the units digit of z?
5
Suppose -7*w = -5*w + 4*f - 1032, 0 = 4*w + f - 2050. What is the units digit of w?
2
Suppose 83*t = 76*t + 19075. What is the units digit of t?
5
Let g be (2*(-6)/9)/((-2)/492). What is the tens digit of g/(-12)*5*(-6)/4?
0
Suppose 2*x + 2*i = -i + 2521, -4*x - 2*i = -5046. What is the thousands digit of x?
1
Let f(v) = -21*v - 6*v + 4*v - 13. What is the hundreds digit of f(-5)?
1
Suppose a = -y + 2493, 2*y + 3*a = 2083 + 2908. What is the thousands digit of y?
2
Let p = -19 - -30. Let x = p - -38. What is the units digit of x?
9
What is the tens digit of (33/22)/(0 - (-2)/708)?
3
Suppose -8*a = -2*a + 996. Let t = a + 275. What is the hundreds digit of t?
1
Suppose -5 - 4 = -4*x - 5*b, 0 = 2*x - b - 15. Let q(i) = -3 - i**2 - 11*i + 4 + 20*i. What is the units digit of q(x)?
9
Let f = 1 - -1. Suppose -697 = -5*x - f*i + i, 4*i = -x + 147. What is the tens digit of x?
3
Suppose 2*x + 21 = -5*k - 0*k, -3*x - 4 = 2*k. Suppose -2*t - x*c - 246 = -6*t, 5 = 5*c. What is the units digit of t?
2
Let u = 94 - -103. Let w = u + -126. What is the units digit of w?
1
Suppose -27 = -5*h + 18. What is the hundreds digit of ((-12)/h)/((-2)/216)?
1
Let b(v) = -1 + v + 21*v**2 + v - 4*v. Let q = 118 - 119. What is the tens digit of b(q)?
2
Let a = -61 + 60. What is the hundreds digit of (-22 - -22) + -131*1/a?
1
Let l(w) = 5 - 2 - 3 + 17*w. Let q be l(1). Suppose 0 = -3*i - 3*f + f + q, 0 = -5*f + 5. What is the units digit of i?
5
Let w(u) = 67*u**2 - 4*u - 3. Suppose -1 + 3 = -2*p. What is the tens digit of w(p)?
6
Let d = 19 - 12. Suppose -4*v + d*v = 162. What is the units digit of v?
4
Suppose -460*v = -465*v + 1405. What is the units digit of v?
1
Suppose -2*q + 4*q = 5*s - 4, -s = 2*q - 8. Suppose -s*z = -131 - 117. What is the hundreds digit of z?
1
Let p(q) = q**2 + 10*q - 2. Let j be p(-11). Suppose -k = 2*k - j. Suppose 2*o = k*n + 51, -n + 60 = -o + 4*o. What is the units digit of o?
1
Let v = -22 - -60. Suppose -3*g + w + 4 = v, -4*g - 43 = w. Let a = 3 - g. What is the units digit of a?
4
Suppose 15*i - 100107 + 15132 = 0. What is the thousands digit of i?
5
Suppose i + 2*i = 18. Let q(m) = 2 - i - 1 + 1 + 17*m. What is the units digit of q(3)?
7
Let c = 51 - 20. Let i = 9 + c. What is the units digit of i?
0
Let x be (-6 - -1) + (0 - 3)/(-1). What is the units digit of 19 - (-1 + 0 + 0)*x?
7
Let f = -466 - -1127. What is the tens digit of f?
6
Let f(c) = 237*c - 251*c + c**2 + 25 - 10. What is the units digit of f(-9)?
2
Suppose 4*g - 9*g = -20. Suppose 178 = 5*m + 4*w, -2*m - g*w = -0 - 76. What is the tens digit of m?
3
Let c = -174 - -166. Let u(v) be the third derivative of -v**4/6 - 17*v**3/6 + 2*v**2. What is the tens digit of u(c)?
1
Let n(x) = x**3 + x**2 + 3*x - 4. Let s be n(3). Suppose -5*i = 4*r - 313, -4*r + s = 4*i - 275. Suppose -r = -6*v + 56. What is the tens digit of v?
2
Suppose 0 = -3*i + 2*k + 3685, 3*i + 2446 = 5*i + 4*k. What is the tens digit of i?
2
Suppose 64*b - 159360 = -39424. What is the tens digit of b?
7
Suppose -2*o - 248 = -0*o. Let f = -74 - o. What is the tens digit of f?
5
Suppose 0 = 9*x - 4*x - 100. Let p be x/70 + 38/14. Suppose r - 2 = p. What is the units digit of r?
5
Let t = 107 - 101. Suppose 9*w - t*w = 531. What is the units digit of w?
7
Let p(o) = -o**3 + 5*o**2 + 5*o - 12. Suppose 17*c - 25 = -h + 13*c, 2*c - 15 = -h. What is the units digit of p(h)?
3
Let j = -17 + 15. Let l be 36/8 + j/(-4). Suppose 0 = w - 1 - l. What is the units digit of w?
6
Suppose -3*i = -2*h - 142, -134 = 2*h - 5*i + 12. Let g = h + 6. Let o = -28 - g. What is the tens digit of o?
3
Let x(o) = -o**3 - 4*o**2 + 3*o - 3. Let m be 2*2/(12/39). Suppose 0 = -a - 2*z - m, 0*a - 3*z = 4*a + 32. What is the units digit of x(a)?
7
Suppose 5*j - 3*j = -5*s - 4, 5*s + 10 = 0. Suppose 0 = z + j. Let w = 0 - z. What is the units digit of w?
3
Suppose 3*o - 5*o + 8 = 0. Suppose 3*c = w + 6*c - 41, -164 = -o*w - 2*c. What is the units digit of w?
1
Suppose -3*z + 3 + 12 = 0. Let t(s) = 13 - z + s**2 + 2*s + 4 + 4. What is the tens digit of t(0)?
1
Let h = -43 - -64. Let k = h - 14. Suppose 4*t = -3*y + 57, -2*t = 5*y - k - 18. What is the units digit of t?
5
Suppose 0 = -2*a - 3*a. Suppose 2*m - 11 = 3*d + 17, a = -5*m - 4*d + 70. Let y = m - 11. What is the units digit of y?
3
Let i = 0 - -2. Suppose 2*j - 12 = i*r, -r - 3*j - 4 - 2 = 0. What is the tens digit of 100/6 + 4/r?
1
Suppose 2*y = 4*r + 8514, 13*r + 3 = 16*r. What is the units digit of y?
9
Let r be 1 - (-9)/(-3)*-1. Suppose -3*z - 6 = -r*z. Suppose -2*x = -x - z. What is the units digit of x?
6
Suppose 2339 = 6*b - 439. What is the units digit of b?
3
Suppose 0*z + 2*z - 1744 = 0. What is the tens digit of z?
7
Let l(f) = -3*f**3 - 3*f**2 - 2*f + 1. Suppose -2*c + 5 = 9. What is the units digit of l(c)?
7
Suppose -2*z + 4*b = 0, 0 = b - 0 + 1. Let d be (z/(6/51))/(-1). Suppose 25 = 5*m, 3*m - 18 - d = -5*s. What is the units digit of s?
4
Let g be (108/81)/(-2 + (-208)/(-105)). Let s = g - -85. What is the tens digit of s?
1
Let s(a) = a**3 - 25*a**2 - 122*a - 57. What is the units digit of s(30)?
3
Let n(g) = g**2 - 7*g - 4. Let t be n(6). Let v = 13 + t. What is the units digit of v - 5 - -1 - -19?
8
Let z(k) be the third derivative of 0*k - 1/6*k**3 + 1/12*k**4 + 0 + 1/60*k**5 + 3*k**2. What is the units digit of z(1)?
2
Let y(x) = 60*x + 39. Let i be y(4). Suppose -d = 4*k - i, -2*k + 3*d = -2*d - 145. What is the units digit of k?
0
Let o(f) be the first derivative of f**5/20 + 13*f**4/12 + 5*f**2 - 8*f - 6. Let c(q) be the first derivative of o(q). What is the units digit of c(-13)?
0
Let a(v) = -2*v**3 - v**2 - 5*v - 4. Let l = 16 + -20. Let j be (2 - 6)*(-3)/l. What is the tens digit of a(j)?
5
Suppose 30*f - 33*f = -5592. What is the units digit of f?
4
Let r(l) be the second derivative of 4*l + 2/3*l**3 - 1/20*l**5 + 1/12*l**4 + 1/2*l**2 + 0. What is the tens digit of r(-3)?
2
Suppose 1475 + 463 = 3*n. What is the units digit of n?
6
Let w = -102 - -86. What is the units digit of 233/((w/(-4))/4)?
3
Suppose 2*v - 4*n = -190, -173 = 3*v - n + 132. Let z = v + 37. Let d = -44 - z. What is the units digit of d?
2
Let w(x) = 7*x**2 - 102*x + 12. What is the tens digit of w(24)?
9
Let y be 45/20 - (-1)/(-4). Suppose 5*w = y*n - n + 724, -2*w = 3*n - 276. Suppose v = -4*v, -4*c - 3*v = -w. What is the units digit of c?
6
Suppose -368 = -2*r + 1358. What is the hundreds digit of r?
8
Suppose 3*s = 3, 0 = 3*k + s + 2*s. What is the tens digit of ((-4 - k) + 7)/(1/16)?
6
Let q = 3201 - 2773. What is the units digit of q?
8
Suppose 2*q - 14 = 6*q - 2*k, 0 = -2*q + 5*k - 11. What is the tens digit of (0 - (-1145)/5) + q/1?
2
Suppose 4*t = 2*j - 20, -j + 0*t + 6 = -t. Suppose q + 2*c = -c - j, 4*q - 3*c = -8. Let s = 13 + q. What is the tens digit of s?
1
Let g(k) = -8*k**3 + 7*k**2 - 9*k + 68. What is the tens digit of g(-8)?
8
Suppose 2*l - 6*l = 0. Suppose l + 2 = h. Suppose -h*s - 3 = -13. What is the units digit of s?
5
Let l be 4 + -8 + 3 - -16. Suppose -i + a = -2*i + l, 0 = -5*a + 20. What is the units digit of i?
1
Let m(z) = z**3 + 15*z**2 + 15*z + 19. Let k be m(-14). Suppose 3*y = 12 - 3, -5*p - k*y = -285. What is the tens digit of p?
5
Suppose 0 = -f - 0*a - 2*a + 107, -2*f + 205 = -5*a. What is the units digit of f?
5
Suppose 4*l - 1186 = -3*k, -2*k + 5*l = 2*k - 1633. What is the units digit of k?
2
Suppose -4*o - l = -37, 3*l + 10 = 3*o - 29. Let j(s) = 5*s - 45. What is the units digit of j(o)?
5
Let v(l) = -3*l**3 + 8*l + 10. What is the units digit of v(-8)?
2
Suppose -2*p = 3*p + 135. Let f be (-6)/1*1/(-3). What is the units digit of (p/4)/(f/(-8))?
7
Suppose 90*v - 79*v = 220. What is the tens digit of v?
2
What is the tens digit of 1 + 1200 + (5 + -12)/(-7)?
0
Suppose 9*a = 7*a - 4, -3*z = 3*a - 3387. What is the hundreds digit of z?
1
Let f be -17 - (3 + (2 - 4)). What is the units digit of (-3)/f + (-380)/(-24)?
6
Let y(r) = -125*r**3 + r**2 + 2*r. Let t be y(-1). Let m = t -